{"id":109,"date":"2007-11-07T10:20:35","date_gmt":"2007-11-07T08:20:35","guid":{"rendered":"http:\/\/www.final-memory.org\/?page_id=109"},"modified":"2010-03-19T22:29:04","modified_gmt":"2010-03-19T20:29:04","slug":"kreatives-schreiben","status":"publish","type":"page","link":"https:\/\/www.final-memory.org\/?page_id=109","title":{"rendered":"Kreatives Schreiben"},"content":{"rendered":"<p align=\"center\"><strong>\u00a9 1998\/2005\/2006\/2007\/2008\/2009\/2010 by Matthias Arndt &lt;<a href=\"mailto:marndt@asmsoftware.de\">marndt@asmsoftware.de<\/a>&gt;<\/strong><\/p>\n<p>Kreatives Schreiben ist seit beinahe 10 Jahren mein Hobby. Obwohl ich zwischendurch durchaus mal pausiert habe, m\u00f6chte ich an dieser Stelle meine (soweit fertiggestellten) Werke ver\u00f6ffentlichen.<\/p>\n<p>Ich w\u00fcnsche viel Vergn\u00fcgen, hoffentlich hat der geneigte Leser genauso viel Freude beim Lesen wie ich beim Schreiben hatte.<\/p>\n<p>Seit September 2006 kann man mich und meine Ver\u00f6ffentlichungen auch bei <a href=\"http:\/\/www.e-stories.de\/\" target=\"_blank\">E-stories.de<\/a> finden.<\/p>\n<p><strong>Texte und Geschichten<\/strong><\/p>\n<ul>\n<li><em>&#8220;Destination Anywhere&#8221;<\/em><br \/>\n<a href=\"http:\/\/final-memory.org\/files\/kreativ\/ritchie_becky.jpg\"><img loading=\"lazy\" decoding=\"async\" title=\"Ritchie &amp; Becky - meine Helden aus Destination Anywhere\" src=\"http:\/\/final-memory.org\/files\/kreativ\/ritchie_becky.jpg\" alt=\"Ritchie &amp; Becky - meine Helden aus Destination Anywhere\" width=\"240\" height=\"320\" \/><\/a> (Danke an Janina G. f\u00fcr die Zeichnung!)<br \/>\nein Roadmovie im Mittleren Westen, spielt im Sommer 1958<br \/>\n<a href=\"http:\/\/final-memory.org\/files\/kreativ\/Destination_Anywhere.pdf\"> [PDF]<\/a><\/li>\n<li><em>&#8220;Nina &#8211; 17 und durch den Wind&#8221;<\/em><br \/>\nVorabversion eines Jugendromans, der bis auf Sch\u00f6nheitsoperationen am Text fertig ist<br \/>\n<a href=\"http:\/\/final-memory.org\/files\/kreativ\/Nina_-_17_und_durch_den_Wind.pdf\"> [PDF 87Seiten]<\/a><\/li>\n<\/ul>\n<p><strong>Vervielf\u00e4ltigungs- und Publikationsrechte<\/strong><br \/>\n<em>Alle Rechte f\u00fcr Abdruck, Vervielf\u00e4ltigung und Publikation bleiben beim Autor.<\/em><\/p>\n<p>Ich erlaube hiermit Download f\u00fcr private nichtkommmerzielle Zwecke unter den folgenden Bedingungen:<\/p>\n<ul>\n<li>Die PDF Dateien bleiben intakt, sie werden nicht ver\u00e4ndert.<\/li>\n<li>Verwendung des Stoffes, Umschreiben und generell Weiterverarbeitung nur nach Absprache mit mir.<\/li>\n<li>Explizit w\u00fcnsche ich mir Feedback, also wer eine Geschichte liest, schreibt mir bitte eine Email oder meldet sich auf anderem Wege. Gerade Feedback und Leserreaktionen liegen mir sehr am Herzen.<\/li>\n<\/ul>\n<div id=\"facebook_like\"><iframe src=\"http:\/\/www.facebook.com\/plugins\/like.php?href=https%3A%2F%2Fwww.final-memory.org%2F%3Fpage_id%3D109&amp;layout=standard&amp;show_faces=true&amp;width=500&amp;action=like&amp;font=segoe+ui&amp;colorscheme=light&amp;height=80\" scrolling=\"no\" frameborder=\"0\" style=\"border:none; overflow:hidden; width:500px; height:80px;\" allowTransparency=\"true\"><\/iframe><\/div>","protected":false},"excerpt":{"rendered":"<p>\u00a9 1998\/2005\/2006\/2007\/2008\/2009\/2010 by Matthias Arndt &lt;marndt@asmsoftware.de&gt; Kreatives Schreiben ist seit beinahe 10 Jahren mein Hobby. Obwohl ich zwischendurch durchaus mal pausiert habe, m\u00f6chte ich an dieser Stelle meine (soweit fertiggestellten) Werke ver\u00f6ffentlichen. Ich w\u00fcnsche viel Vergn\u00fcgen, hoffentlich hat der geneigte Leser genauso viel Freude beim Lesen wie ich beim Schreiben hatte. Seit September 2006 kann &hellip; <a href=\"https:\/\/www.final-memory.org\/?page_id=109\" class=\"more-link\">Continue reading<span class=\"screen-reader-text\"> &#8220;Kreatives Schreiben&#8221;<\/span><\/a><\/p>\n","protected":false},"author":2,"featured_media":0,"parent":0,"menu_order":0,"comment_status":"open","ping_status":"open","template":"","meta":{"footnotes":""},"class_list":["post-109","page","type-page","status-publish","hentry"],"_links":{"self":[{"href":"https:\/\/www.final-memory.org\/index.php?rest_route=\/wp\/v2\/pages\/109","targetHints":{"allow":["GET"]}}],"collection":[{"href":"https:\/\/www.final-memory.org\/index.php?rest_route=\/wp\/v2\/pages"}],"about":[{"href":"https:\/\/www.final-memory.org\/index.php?rest_route=\/wp\/v2\/types\/page"}],"author":[{"embeddable":true,"href":"https:\/\/www.final-memory.org\/index.php?rest_route=\/wp\/v2\/users\/2"}],"replies":[{"embeddable":true,"href":"https:\/\/www.final-memory.org\/index.php?rest_route=%2Fwp%2Fv2%2Fcomments&post=109"}],"version-history":[{"count":1,"href":"https:\/\/www.final-memory.org\/index.php?rest_route=\/wp\/v2\/pages\/109\/revisions"}],"predecessor-version":[{"id":1378,"href":"https:\/\/www.final-memory.org\/index.php?rest_route=\/wp\/v2\/pages\/109\/revisions\/1378"}],"wp:attachment":[{"href":"https:\/\/www.final-memory.org\/index.php?rest_route=%2Fwp%2Fv2%2Fmedia&parent=109"}],"curies":[{"name":"wp","href":"https:\/\/api.w.org\/{rel}","templated":true}]}}